{"id":194,"date":"2023-02-07T16:00:20","date_gmt":"2023-02-07T16:00:20","guid":{"rendered":"https:\/\/grumsridklubb.se\/?page_id=194"},"modified":"2025-06-27T05:57:06","modified_gmt":"2025-06-27T05:57:06","slug":"pippi","status":"publish","type":"page","link":"https:\/\/grumsridklubb.se\/?page_id=194","title":{"rendered":"GRKs h\u00e4star"},"content":{"rendered":"\n<p>Fram\u00f6ver kommer det finnas en presentation av v\u00e5ra skolh\u00e4star h\u00e4r. De h\u00e4star som idag finns i v\u00e5r verksamhet \u00e4r:<\/p>\n\n\n\n<p>VT 2025<\/p>\n\n\n\n<p>Vickan (Vickie Jenha)<\/p>\n\n\n\n<p>Prins<\/p>\n\n\n\n<p>Lisa (Elisa)<\/p>\n\n\n\n<p>Inka (Kathinka)<\/p>\n\n\n\n<p>Siri (Halleb\u00e4cks Serena)<\/p>\n\n\n\n<p>Star (Lucky Star)<\/p>\n\n\n\n<p>Vera<\/p>\n\n\n\n<p>Mellis (Kinard Melanie)<\/p>\n\n\n\n<p>Amigo (Amigo Star Harold)<\/p>\n\n\n\n<p>Lenzo (Lenzo V)<\/p>\n\n\n\n<p>R\u00e4ven (Slow Fox)<\/p>\n\n\n\n<p>Wendela<\/p>\n\n\n\n<p>Bobby (Derg George)<\/p>\n\n\n\n<p>Leffe (Leaffoney)<\/p>\n\n\n\n<p>Madde (Lady Madonna) inl\u00e5nad fr\u00e5n December 2024<\/p>\n\n\n\n<p>Magnolia \u2665 Springer p\u00e5 de evigt gr\u00f6na \u00e4ngarna sen 28\/maj 2025<\/p>\n","protected":false},"excerpt":{"rendered":"<p>Fram\u00f6ver kommer det finnas en presentation av v\u00e5ra skolh\u00e4star h\u00e4r. De h\u00e4star som idag finns i v\u00e5r verksamhet \u00e4r: VT 2025 Vickan (Vickie Jenha) Prins Lisa (Elisa) Inka (Kathinka) Siri (Halleb\u00e4cks Serena) Star (Lucky Star) Vera Mellis (Kinard Melanie) Amigo (Amigo Star Harold) Lenzo (Lenzo V) R\u00e4ven (Slow Fox) Wendela Bobby (Derg George) Leffe (Leaffoney) [&hellip;]<\/p>\n","protected":false},"author":1,"featured_media":0,"parent":37,"menu_order":0,"comment_status":"closed","ping_status":"closed","template":"","meta":[],"aioseo_notices":[],"_links":{"self":[{"href":"https:\/\/grumsridklubb.se\/index.php?rest_route=\/wp\/v2\/pages\/194"}],"collection":[{"href":"https:\/\/grumsridklubb.se\/index.php?rest_route=\/wp\/v2\/pages"}],"about":[{"href":"https:\/\/grumsridklubb.se\/index.php?rest_route=\/wp\/v2\/types\/page"}],"author":[{"embeddable":true,"href":"https:\/\/grumsridklubb.se\/index.php?rest_route=\/wp\/v2\/users\/1"}],"replies":[{"embeddable":true,"href":"https:\/\/grumsridklubb.se\/index.php?rest_route=%2Fwp%2Fv2%2Fcomments&post=194"}],"version-history":[{"count":3,"href":"https:\/\/grumsridklubb.se\/index.php?rest_route=\/wp\/v2\/pages\/194\/revisions"}],"predecessor-version":[{"id":660,"href":"https:\/\/grumsridklubb.se\/index.php?rest_route=\/wp\/v2\/pages\/194\/revisions\/660"}],"up":[{"embeddable":true,"href":"https:\/\/grumsridklubb.se\/index.php?rest_route=\/wp\/v2\/pages\/37"}],"wp:attachment":[{"href":"https:\/\/grumsridklubb.se\/index.php?rest_route=%2Fwp%2Fv2%2Fmedia&parent=194"}],"curies":[{"name":"wp","href":"https:\/\/api.w.org\/{rel}","templated":true}]}}