{"id":199,"date":"2023-02-07T16:06:23","date_gmt":"2023-02-07T16:06:23","guid":{"rendered":"https:\/\/grumsridklubb.se\/?page_id=199"},"modified":"2024-03-12T19:18:50","modified_gmt":"2024-03-12T19:18:50","slug":"styrelsen","status":"publish","type":"page","link":"https:\/\/grumsridklubb.se\/?page_id=199","title":{"rendered":"Styrelsen"},"content":{"rendered":"\n<p>Grums Ridklubbs styrelse \u00e5r 2023<\/p>\n\n\n\n<p>Ordf\u00f6rande: Andy Tillerkvist<br>Vice Ordf\u00f6rande: Daniel Andersson<br>Kass\u00f6r: Ulrika T\u00e4ng Delin<br>Sekreterare: Marie Svartmo<br>Ledamot U-sek: Stina Tillerkvist<br>Ledamot: Sandra Johansson<br>Suppleant: Camilla Nelander<br>Suppleant: Jonas Kumlin<br>Representant fr\u00e5n ridskolan: Anna-Lena Bj\u00f6rnlod<br>Personlig suppleant U-sek: Ellen Fristam Elvin<br>Revisorer: Maria Nilsson, Sandra Dahlstr\u00f6m<\/p>\n\n\n\n<p>Revisorsuppleanter: Mariette Eriksson<br>Valberedning: Christina Granat<\/p>\n","protected":false},"excerpt":{"rendered":"<p>Grums Ridklubbs styrelse \u00e5r 2023 Ordf\u00f6rande: Andy TillerkvistVice Ordf\u00f6rande: Daniel AnderssonKass\u00f6r: Ulrika T\u00e4ng DelinSekreterare: Marie SvartmoLedamot U-sek: Stina TillerkvistLedamot: Sandra JohanssonSuppleant: Camilla NelanderSuppleant: Jonas KumlinRepresentant fr\u00e5n ridskolan: Anna-Lena Bj\u00f6rnlodPersonlig suppleant U-sek: Ellen Fristam ElvinRevisorer: Maria Nilsson, Sandra Dahlstr\u00f6m Revisorsuppleanter: Mariette ErikssonValberedning: Christina Granat<\/p>\n","protected":false},"author":1,"featured_media":0,"parent":174,"menu_order":1,"comment_status":"closed","ping_status":"closed","template":"","meta":[],"aioseo_notices":[],"_links":{"self":[{"href":"https:\/\/grumsridklubb.se\/index.php?rest_route=\/wp\/v2\/pages\/199"}],"collection":[{"href":"https:\/\/grumsridklubb.se\/index.php?rest_route=\/wp\/v2\/pages"}],"about":[{"href":"https:\/\/grumsridklubb.se\/index.php?rest_route=\/wp\/v2\/types\/page"}],"author":[{"embeddable":true,"href":"https:\/\/grumsridklubb.se\/index.php?rest_route=\/wp\/v2\/users\/1"}],"replies":[{"embeddable":true,"href":"https:\/\/grumsridklubb.se\/index.php?rest_route=%2Fwp%2Fv2%2Fcomments&post=199"}],"version-history":[{"count":2,"href":"https:\/\/grumsridklubb.se\/index.php?rest_route=\/wp\/v2\/pages\/199\/revisions"}],"predecessor-version":[{"id":502,"href":"https:\/\/grumsridklubb.se\/index.php?rest_route=\/wp\/v2\/pages\/199\/revisions\/502"}],"up":[{"embeddable":true,"href":"https:\/\/grumsridklubb.se\/index.php?rest_route=\/wp\/v2\/pages\/174"}],"wp:attachment":[{"href":"https:\/\/grumsridklubb.se\/index.php?rest_route=%2Fwp%2Fv2%2Fmedia&parent=199"}],"curies":[{"name":"wp","href":"https:\/\/api.w.org\/{rel}","templated":true}]}}