{"id":282,"date":"2023-02-09T09:08:35","date_gmt":"2023-02-09T09:08:35","guid":{"rendered":"https:\/\/grumsridklubb.se\/?page_id=282"},"modified":"2024-06-14T10:49:14","modified_gmt":"2024-06-14T10:49:14","slug":"kontakta-oss","status":"publish","type":"page","link":"https:\/\/grumsridklubb.se\/?page_id=282","title":{"rendered":"Kontakta oss"},"content":{"rendered":"\n<p>Grums Ridklubb org.nr 873200-5536<\/p>\n\n\n\n<p>Karlberg<\/p>\n\n\n\n<p>664 34 GRUMS<\/p>\n\n\n\n<p>grumsridklubb@outlook.com<\/p>\n\n\n\n<p><\/p>\n\n\n\n<p>Vill du b\u00f6rja rida? Skicka oss ett mail eller fyll i intresseformul\u00e4ret &#8211; l\u00e4nk finns p\u00e5 f\u00f6rsta sidan<br><br><br><\/p>\n","protected":false},"excerpt":{"rendered":"<p>Grums Ridklubb org.nr 873200-5536 Karlberg 664 34 GRUMS grumsridklubb@outlook.com Vill du b\u00f6rja rida? Skicka oss ett mail eller fyll i intresseformul\u00e4ret &#8211; l\u00e4nk finns p\u00e5 f\u00f6rsta sidan<\/p>\n","protected":false},"author":1,"featured_media":0,"parent":0,"menu_order":0,"comment_status":"closed","ping_status":"closed","template":"","meta":[],"aioseo_notices":[],"_links":{"self":[{"href":"https:\/\/grumsridklubb.se\/index.php?rest_route=\/wp\/v2\/pages\/282"}],"collection":[{"href":"https:\/\/grumsridklubb.se\/index.php?rest_route=\/wp\/v2\/pages"}],"about":[{"href":"https:\/\/grumsridklubb.se\/index.php?rest_route=\/wp\/v2\/types\/page"}],"author":[{"embeddable":true,"href":"https:\/\/grumsridklubb.se\/index.php?rest_route=\/wp\/v2\/users\/1"}],"replies":[{"embeddable":true,"href":"https:\/\/grumsridklubb.se\/index.php?rest_route=%2Fwp%2Fv2%2Fcomments&post=282"}],"version-history":[{"count":5,"href":"https:\/\/grumsridklubb.se\/index.php?rest_route=\/wp\/v2\/pages\/282\/revisions"}],"predecessor-version":[{"id":556,"href":"https:\/\/grumsridklubb.se\/index.php?rest_route=\/wp\/v2\/pages\/282\/revisions\/556"}],"wp:attachment":[{"href":"https:\/\/grumsridklubb.se\/index.php?rest_route=%2Fwp%2Fv2%2Fmedia&parent=282"}],"curies":[{"name":"wp","href":"https:\/\/api.w.org\/{rel}","templated":true}]}}